visor of a and 344.
86
Let i(x) = 28*x**2 - 244*x + 1737. Let a be i(7). What is the greatest common divisor of a and 3?
3
Let c = 29 - 24. Let p be 246*c/10 - 1. Let y = p - -13. What is the highest common factor of y and 27?
27
Let p = 11798 - 9747. What is the greatest common divisor of 21 and p?
7
Let u = 15020 + -14655. What is the greatest common divisor of 2482 and u?
73
Suppose -10*w = -2*k - 7*w + 4, -5*k - 2*w = -29. Suppose -k*y = 2*i - 61, 2*i - 2*y + y - 31 = 0. Calculate the highest common factor of 30 and i.
6
Let w be (1078/22 - 47)/(1/14). Suppose 3*a - 231 - 21 = 0. What is the greatest common factor of w and a?
28
Suppose -20*j + 14 + 130 = 4*j. Calculate the greatest common divisor of j and 14.
2
Let a(v) = -140*v - 31. Let w be a(-5). Let t = 694 - w. Calculate the greatest common divisor of 50 and t.
25
Let h be (-606)/(-14) + (-4)/14. Let f(c) = 62*c - c**2 - 18*c - 7 - c**2 + c**2. Let s be f(24). What is the highest common factor of h and s?
43
Let t = 306 - 252. Suppose -120 = -5*g + 2*i, -2*i = 2*g - i - 48. What is the highest common divisor of g and t?
6
Suppose -6344 - 5632 = -4*a + 2*p, -p = -6. Calculate the greatest common divisor of 162 and a.
81
Let o(p) = -35*p + 6. Let l be o(0). Let u be 2/(-3)*(-6)/1. Suppose l*x - u = 38. Calculate the highest common divisor of 28 and x.
7
Let p(j) = -j**2 + 27*j - 15. Let k be p(15). Let m = 237 - k. Suppose 4*v - 50 = v - 2*a, -78 = -4*v + 3*a. Calculate the greatest common factor of m and v.
18
Let v(p) = 3*p + 16 - 27 - 7*p. Let y be v(-5). Let u be y/3 - (7 - 4)*-83. Calculate the greatest common divisor of u and 28.
28
Let i be 68/18 - ((-390)/54 + 7). Suppose 4*f - i = -4*r, 2 = -0*r + 2*r - 2*f. Let h be 8*3*2/12. Calculate the greatest common factor of r and h.
1
Suppose 3*h + 4*f = 1389, 3*h - f + 58 = 1462. Suppose 32*d - h + 115 = 0. What is the greatest common factor of 198 and d?
11
Let x be 2/20*-6*(-39 + (-3 - -17)). Suppose 4*l = 4*z - 280, -2*z - 2*l + 140 = l. Let u be 24/14*z/4. Calculate the highest common divisor of x and u.
15
Let o be ((-20)/(-7) - 2)/(4/(-196)). Let x = o - -112. Let v(a) = 2*a**2 + 2*a - 2. Let n be v(2). Calculate the highest common factor of x and n.
10
Let g = -98 + 138. Suppose 9*v - g = 5*v. Calculate the greatest common divisor of 30 and v.
10
Suppose -2*b + 3*q = 2*b + 827, -2*q + 621 = -3*b. Let l = b + 286. Calculate the greatest common divisor of l and 7.
7
Suppose -324*k + 3078 = -315*k. Suppose 10*r = -4*g + 11*r + k, r = 3*g - 257. What is the highest common factor of 5 and g?
5
Suppose 0 = -3*f - 2*f + 5*p + 3385, 3*f = -4*p + 2052. What is the highest common factor of 3910 and f?
170
Suppose 3*h - 552 = -3*w, 49*h = 51*h - 5*w - 403. Suppose -4*t + 174 = -2*f, -f + 58 = 3*t - 65. Calculate the greatest common divisor of t and h.
21
Suppose 5*f - 3*i - 4372 = 0, 1680 = 2*f + 2*i - 56. Suppose w = -4*w - 2*n + 1092, 4*w - f = -2*n. What is the highest common divisor of w and 44?
44
Suppose -30*y + 37*y - 14350 = 0. Let u = y - 1458. What is the greatest common factor of 8 and u?
8
Suppose -5*o - 5*i + 87 = -888, 0 = -5*o - i + 995. Let n = 205 - o. Let w be 3 - -2 - 0/4. Calculate the greatest common factor of n and w.
5
Let f(x) = 2*x**2 + 104*x - 206. Let z be f(2). What is the highest common factor of z and 3160?
10
Let g be (0 - (143 - 1))/((-116)/58). Suppose g*m = 66*m + 460. What is the greatest common factor of m and 46?
46
Let n be (83 - -2)*(-2)/35*-49. What is the greatest common factor of n and 544?
34
Let s(f) = -5*f**2 - 93*f - 36. Let j be s(-15). Suppose 3*c + 180 = 5*w, 7 + 29 = w + 3*c. Calculate the greatest common factor of j and w.
18
Suppose -4*h - 3*c - 18 = 0, -h + c = -3*c + 14. Let l = -4 - h. Let g(y) = y**2 - 10*y - 38. Let x be g(-4). Calculate the greatest common divisor of x and l.
2
Let s(a) = a**3 + 2*a**2 + 3*a. Let x be 2/3 + (-90)/(-27). Let k be s(x). Let z be 96/(-80)*-4*(-5)/(-2). What is the greatest common divisor of z and k?
12
Let g(b) be the first derivative of b**2/2 + 9*b + 85. Let z be g(-7). What is the highest common divisor of 9 and z?
1
Let y(w) = 68*w**3 - w. Let n be y(1). Suppose -14*f = -386*f + 174468. What is the greatest common factor of f and n?
67
Suppose 2*t = 8 + 58. Suppose 4*s + 16 = 3*k, -2*s - 6 = -16. Suppose 0 = k*i + 395 - 2771. What is the highest common factor of t and i?
33
Let z = 17868 - 17826. What is the greatest common factor of z and 1239?
21
Suppose 2*w - 10 = 0, 2*u - 383 = w - 104. Let m(a) = a**2 - 90*a - 463. Let q be m(-5). Let z = q + u. What is the highest common factor of 14 and z?
14
Suppose -58 - 272 = -3*j. What is the greatest common divisor of 50 and j?
10
Let l = -3962 - -4164. What is the greatest common divisor of 1111 and l?
101
Let n = -306 + 438. Let q be (-4677)/(-21) - ((-156)/(-42) - 4). Suppose -4*t - q = -271. What is the highest common factor of n and t?
12
Let j = -163 - -668. Suppose 3*q - 4*q + 175 = -5*x, 3*q - 5*x - j = 0. Calculate the greatest common divisor of 5 and q.
5
Let z = -1 + 5. Suppose -2*y = -0*u + z*u - 80, 4*y - 52 = -2*u. Suppose -5*o = 3*j - 58 - 60, 78 = 2*j + 3*o. Calculate the highest common divisor of u and j.
18
Let f = -243 + 373. Let z = f + 3. Suppose -z - 3 = -2*o + 2*p, 4*o - 2*p = 266. Calculate the greatest common factor of o and 26.
13
Let v be 0 + -3 + 6 + 476 + -7. Suppose 21*p = 13*p + v. Calculate the highest common divisor of p and 649.
59
Let l(r) = 2*r - 3. Let x be l(3). Let m be (7 + x)/2*-1 - -110. Let z be ((-14)/3)/(1/(-9)). Calculate the greatest common divisor of m and z.
21
Let r(n) = 579*n**2 - 36*n - 128. Let c be r(-4). Calculate the highest common divisor of c and 32.
32
Let s be 7*9/((-126)/(-20)). Suppose -s*h + 130 = -5*h. Suppose 0 = -2*y + 4 + h. Calculate the greatest common divisor of y and 15.
15
Let y(x) = 16*x - 5. Let m be 24/10 + (-2)/5. Let b be y(m). Let g be (-25 - -1)*-15*6/b. Calculate the greatest common factor of g and 120.
40
Let u(v) = -v**2 + 251*v + 4652. Let k be u(-17). Suppose 8 = 2*b - 56. Calculate the greatest common divisor of k and b.
32
Let b = 2024 - 1944. Let g = -4 + 8. What is the greatest common factor of g and b?
4
Let l = 43 - 73. Let i be (564/3)/(-4) + 3. Let z = l - i. Calculate the greatest common factor of z and 35.
7
Suppose 2 - 15 = -d. Suppose -8*u = -d*u + 140. Let v = 39 - u. What is the highest common divisor of 99 and v?
11
Let n be (42 + -18)/(-168) - 8128/(-7). What is the greatest common divisor of 4386 and n?
129
Suppose 5*j - 287 = 1198. What is the highest common factor of 63 and j?
9
Let n be ((-248465)/(-458))/((-1)/(-62) + 0). Calculate the highest common factor of n and 35.
35
Let d be (427/3)/((-8404)/1683 - -5). What is the greatest common factor of 21 and d?
21
Suppose 20 = -3*j + 4*o, 2*j - 5*o + 20 = -o. Let h be -10 + 202 + j/2. Let w = 51 - 27. Calculate the highest common divisor of h and w.
24
Suppose -140 = -11*d - 3*d. Let k(m) = m - 9*m + 1 - d - 14*m. Let f be k(-2). What is the highest common factor of 315 and f?
35
Suppose 3*d - 4*d + 105 = 0. Suppose -10*w + 405 = 5*w. Suppose 4*i = -4*f + 56, 5*f + 23 = 3*i - w. Calculate the highest common factor of i and d.
15
Let l = -43 + -212. Let m = l + 262. What is the greatest common factor of 161 and m?
7
Suppose -24*u = 143 - 9143. Let g = u - 249. Calculate the greatest common divisor of g and 168.
42
Suppose 3*s - 1286 = -4*z, -168*z + 642 = -166*z + s. Calculate the greatest common divisor of 992 and z.
32
Let x be 2 - 8 - (113 - 122). What is the highest common factor of 2298 and x?
3
Suppose 45*j = 6*j + 702. Let g(w) = 5*w - 70. Let a be g(j). Calculate the greatest common divisor of a and 30.
10
Suppose -7*t + 84 = -0*t. Let n be 1/(-5)*0*(-3 - -2). Suppose n = -p + 2*p - 276. Calculate the greatest common factor of p and t.
12
Let m = 8 - -5. Let b = m + -1. Suppose 8*n = b*n - 20. Calculate the greatest common divisor of 40 and n.
5
Let a(q) = -q**2 - 117*q + 7111. Let r be a(44). Let u be 9/(31/15 - 2). Calculate the highest common divisor of r and u.
27
Let t be (-2)/(-8) - 38/(-8). Let u(s) = 411 + 0*s - 2*s + 5*s - 425. Let a be u(t). What is the greatest common divisor of 11 and a?
1
Let z(k) = -5*k**2 - 528*k + 1337. Let